digit of o(4)?
6
Suppose 2*f - 28 = 4*h, 44 = 5*f - h + 1. Let m = 0 + f. What is the units digit of m?
8
Let x(q) = q**3 + 6*q**2 + 7*q + 7. Let t be x(-5). What is the units digit of t/(-6) + 15/2?
8
Suppose -f - 2 = -4. What is the units digit of f?
2
Let h = -23 + 27. Suppose 0*v = -h*v + 124. What is the tens digit of v?
3
Suppose -2*b - b = 3*y - 246, -5*b + 394 = -3*y. What is the units digit of b?
0
Suppose 0 = j + 3, 17*n - 3*j = 22*n - 1746. What is the tens digit of n?
5
Let k(h) = -10*h - 5. Let t be k(-3). Let m = t + -11. What is the units digit of m?
4
Let s(j) = -j + 1. Let y(c) = -3*c + 4. Let x(k) = -17*s(k) + 6*y(k). What is the units digit of x(-5)?
2
Let p = 274 + -64. What is the units digit of p?
0
Let u(d) = -d**3 + 9*d**2 + 12*d - 12. Let l be u(9). Suppose 4*z - 3*m - l = m, 0 = z + 2*m - 24. What is the units digit of z?
4
Let b = -7 + 12. Suppose 5*v - 5 = 0, -v = x + v - 7. Suppose 0*u + 4*o = -x*u + 29, b = u + o. What is the units digit of u?
9
Let s(z) = 17*z**3 - 2*z**2 + 3*z. What is the hundreds digit of s(2)?
1
What is the units digit of (3 + -17*5 + -1)/(-1)?
3
Suppose 0 = -2*s + 3*u + 17 - 4, u = 2*s - 7. Let f = s + -2. Suppose 3*b - 2*l - 11 + 1 = 0, f = l + 2. What is the units digit of b?
2
Let o be (5 + -2)*8/6. Let a = o + -6. Let c(k) = k**3 + 3*k**2 + 1. What is the units digit of c(a)?
5
Let q(j) = j**3 + 11*j**2 + 9*j + 2. What is the units digit of q(-8)?
2
Let u be -2*-26*1 - 4. Suppose -2*t - u = -2*o, 2*o - 34 = -9*t + 4*t. What is the units digit of o?
2
Let n = 618 - 412. What is the units digit of n?
6
Suppose 5*x - 1428 = -4*o, x + 13*o - 273 = 8*o. What is the tens digit of x?
8
Let g(o) be the third derivative of -7*o**4/8 + 2*o**2. Let t = -21 - -20. What is the units digit of g(t)?
1
Suppose 4 + 4 = 2*q. Let n be q*(-2)/(2/(-1)). Suppose 60 = n*w + w. What is the units digit of w?
2
Let y(s) be the first derivative of -s**4/4 + s**3 - s**2/2 - 2. What is the units digit of y(2)?
2
Let w = -18 - -41. What is the units digit of w?
3
Let n(h) = -6*h + 2. Suppose 2*x - 4 = 2. Let m(r) = 3*r - 1. Let y(b) = x*n(b) + 5*m(b). What is the units digit of y(-2)?
7
Let n = -26 + 20. Let r = n + 8. What is the units digit of r?
2
Let w(h) = 2*h**3 + 6*h**2 - 7. Let o(d) = 5*d**3 + 18*d**2 - 20. Let l(m) = 3*o(m) - 8*w(m). Let i be l(4). Let k = 44 - i. What is the units digit of k?
6
Let y = 205 + -122. Suppose 3*p = -29 + y. What is the tens digit of p?
1
Let k = 106 + -1. What is the units digit of k?
5
Suppose -2*t = -5*g - 18, 16 = -0*t + 2*t - 4*g. Suppose -t*m + 2 = -10. What is the units digit of (m/(-6))/((-2)/40)?
0
Let c = 12 - 17. What is the units digit of ((-18)/c)/((-5)/(-25))?
8
Suppose -7*m = -12*m + 50. What is the units digit of m?
0
Let b be 1/((-132)/136 - -1). Let k = b - 20. What is the tens digit of k?
1
Let c(u) = 33*u**2 - 2. What is the hundreds digit of c(-2)?
1
Suppose -2*v = -2, 2*n - v = -0*v - 57. Let x be (-63)/n*(-40)/(-3). Suppose -2*k = 3*k - 2*i - x, 2*k + 9 = 5*i. What is the units digit of k?
8
Let r = -35 + 44. What is the units digit of r?
9
Let j(t) = -4*t**3 + 3*t**2 + 4. What is the tens digit of j(-3)?
3
Suppose -6*f + 2*f = -2*s - 186, 0 = -5*f - 2*s + 237. What is the tens digit of f?
4
Let z(d) = 10*d - 18. What is the units digit of z(16)?
2
Suppose -2*u + 5 = 1. What is the units digit of u?
2
Let k = 0 - -1. Let a be 2/6*(11 + k). Suppose w - 16 = 5*d, 4*w + a*d - 7 = 9. What is the units digit of w?
6
Suppose -2*z + 0*j + j = -8, 4*z - 5*j - 22 = 0. Let m = z + 43. What is the units digit of m?
6
Let k be (-2)/4 + 153/6. Suppose -l = 2*i - k, 0 = -4*i - 4*l - 3 + 55. What is the tens digit of i?
1
Suppose 4*j - 51 + 11 = 0. Suppose 6*x + 28 = j*x. What is the units digit of x?
7
Suppose 2*t - 3*s - 175 = 0, 4*t + s - 343 = -0*s. What is the tens digit of t?
8
Let c(o) = -2*o + 1. Let a(f) be the third derivative of -f**4/4 + f**3/6 - 3*f**2. Let i be a(1). What is the units digit of c(i)?
1
Let c(y) = 43*y + 3. Suppose -j - t = 3, 0 = 2*t - 6*t - 16. What is the units digit of c(j)?
6
Let a be (32/(-40))/(4/(-10)). Suppose -4*s = -z - z + 24, -z = a*s + 16. Let w = s - -17. What is the units digit of w?
0
Let a = -50 - -134. What is the units digit of a?
4
Let q(v) = 15*v - 14. What is the tens digit of q(6)?
7
Suppose 4*d - 5*y = -13, 3*y = -5*d + 9 + 21. Suppose 28 = 3*w - 2*r, 5*w - 2 = -d*r + 13. What is the units digit of w?
6
Suppose 3*j - 2*x = -4, j + 1 = x - 2. Let b(w) = -1 + 1 + 5*w + 2 + w**3 + 1 + 6*w**j. What is the tens digit of b(-3)?
1
Let r be 2/1 + -4 + 8. Let m(g) = 1 + 0*g + r*g - 2*g + 0. What is the units digit of m(2)?
9
Let w(p) = 22*p - 1. Let t be (-4)/4 - -3 - 1. What is the tens digit of w(t)?
2
Let q(k) = -k**3 - k**2 - 2*k - 2. Let r = 21 - 15. Suppose 3*w + 0 = -r. What is the units digit of q(w)?
6
Let s(d) = 0 - 43*d + 42*d + 1. What is the units digit of s(-3)?
4
Let n = 74 + -37. What is the units digit of n?
7
Let v(l) = -l**3 + 5*l**2. Suppose -t = -3 - 2. Let z be v(t). Suppose 0 = -5*o - j + 65, z*j - 2*j = 5*o - 70. What is the tens digit of o?
1
Suppose 2*v = k + k - 6, -2*v + 10 = 0. What is the units digit of k?
8
Let n(b) = -9*b**3 + b**2 + 2*b + 1. What is the units digit of n(-1)?
9
Let c(b) = 15*b - 10. Let x be c(2). Let r be 8*(-1 - (-1 + -1)). Suppose -3*p + r*p - x = 0. What is the units digit of p?
4
Let p(m) = -m**3 - 7*m**2 - m + 9. Suppose 3*l = -2*g + 20, 4*g - l = 2*g + 36. Let u = 9 - g. What is the tens digit of p(u)?
1
Suppose 5*x = 3*q + 10, -3*q + 2*x = -x. Suppose q*m - 2 - 72 = 2*h, -3*h + 50 = 4*m. What is the units digit of m?
4
Let w(l) = -6*l**3 - l**2. Let m be w(-1). Let z(g) be the second derivative of g**3/6 + g**2/2 + 2*g. What is the units digit of z(m)?
6
Let f(c) = c + 2. Let i be f(8). Suppose i*a = 8*a + 80. What is the units digit of a?
0
Suppose 2*i - 156 = -2*i. What is the units digit of i?
9
Let i = 31 + -36. Let w(t) = -3 - 3*t - 1 + 3. What is the units digit of w(i)?
4
Suppose -5*x + 2*c = -720, 3*x - 7*c - 418 = -3*c. What is the tens digit of x?
4
What is the units digit of (-184)/(-6)*(-6)/(-4)?
6
Suppose -132 = -3*z + z. What is the units digit of z?
6
Let s be 8/3 - (-2)/6. Let r(n) = 0*n**3 + 3*n**3 - 4*n**2 + 4*n - 2*n**3. What is the units digit of r(s)?
3
Suppose 75 = -6*w + 459. What is the units digit of w?
4
Suppose -4*b + 4*g = -340, 3*b + 0*g - 2*g - 254 = 0. Suppose p + b = 5*p. What is the units digit of p?
1
Let t = 25 + -13. What is the units digit of t?
2
Suppose 365 = 2*d + 125. Suppose -7*b + 2*b = -d. Suppose 2*w + 0*w = b. What is the tens digit of w?
1
Let k = -8 - -12. Let f(n) = n**2 - n - 4. Let m be f(3). Suppose k*y - 4*h - h = 65, 2*y = m*h + 30. What is the tens digit of y?
1
Let w(y) = y**2 + 4*y. Let i be w(-5). Let b(a) be the second derivative of -a**4/12 + a**3 + 3*a**2/2 + a. What is the units digit of b(i)?
8
Let s(h) = 1 + 5 + 3*h + 2 - 6. What is the tens digit of s(3)?
1
Let v = -100 - -194. What is the tens digit of v?
9
Let f(v) = -v**2 - 8*v - 5. Let g be f(-7). Suppose -2*n = -4*l - 22, 0 = -g*n + 3*l - 5*l - 8. Suppose -2*c = -n - 13. What is the units digit of c?
7
Let o(m) = m**2 + m - 24. Suppose 2*a - 5*x - 20 = 0, 0 = -5*a - 4*x - 5 - 11. Let n be o(a). What is the units digit of (n/(-9))/((-3)/(-9))?
8
Suppose 0*t + 25 = 5*t - c, 3*c = -t + 21. Let z(v) = v + 1. What is the units digit of z(t)?
7
Suppose 2*f + 699 = 2*o - 3*f, -362 = -o + 5*f. What is the units digit of o?
7
Let p(d) = d**3 - 4*d**2 - 12*d. Let o be p(6). Suppose -5*b + 68 = -f - o*f, -3*b + f = -42. What is the tens digit of b?
1
Suppose -z + 2 = -2*b, 2*z - 30 = -z - 2*b. Let f = z + 0. Suppose 2*j - 5*v = -15 + 37, -3*j - 5*v = -f. What is the units digit of j?
6
Let z be 3*4*6/(-12). Let j be 2 - -3*(-4)/z. Suppose -j*i = i - 35. What is the units digit of i?
7
Let w be (-17)/(-1 - (3 + -3)). Suppose -s - 4*q - 4 = 1, q + w = 5*s. Suppose 3 = -s*z, -z + 3 = n + 3*z. What is the units digit of n?
7
Let p(m) = 2*m - 9. Let g be p(7). Suppose g*k = -0*k. Suppose 4*j + 3*l - 61 = 0, -2*j + k*j = -4*l - 14. What is the units digit of j?
3
Let a = -11 + 7. What is the units digit of a/(-2) - 0/3?
2
Let u(c) = c**3 - 2*c**2 + 3*c + 9. What i